vided by 161?
158
What is the remainder when 3299024 is divided by 19637?
8
What is the remainder when 3762464 is divided by 9798?
32
Calculate the remainder when 12284264 is divided by 62996.
44
Calculate the remainder when 1625901 is divided by 20580.
81
Calculate the remainder when 35194108 is divided by 17597043.
22
Calculate the remainder when 49369 is divided by 11816.
2105
What is the remainder when 34171 is divided by 6587?
1236
Calculate the remainder when 352008 is divided by 1564.
108
What is the remainder when 78735473 is divided by 3265?
3263
What is the remainder when 11214600 is divided by 53?
12
Calculate the remainder when 288780 is divided by 171.
132
Calculate the remainder when 8006263 is divided by 1000781.
15
What is the remainder when 335178 is divided by 212?
6
What is the remainder when 1840708 is divided by 70?
58
Calculate the remainder when 2961366 is divided by 42305.
16
What is the remainder when 27016228 is divided by 5830?
8
What is the remainder when 34844 is divided by 8582?
516
What is the remainder when 1278903 is divided by 635?
13
What is the remainder when 35324072 is divided by 7064814?
2
What is the remainder when 6893134 is divided by 647?
643
Calculate the remainder when 1290937 is divided by 920.
177
What is the remainder when 5750396 is divided by 80?
76
Calculate the remainder when 88867 is divided by 2693.
2691
Calculate the remainder when 931397 is divided by 786.
773
What is the remainder when 13240116 is divided by 740?
36
Calculate the remainder when 5971045 is divided by 121856.
101
What is the remainder when 99292 is divided by 7071?
298
Calculate the remainder when 7658114 is divided by 818.
816
What is the remainder when 778271 is divided by 1785?
11
What is the remainder when 387124 is divided by 23?
11
What is the remainder when 5144028 is divided by 1714641?
105
Calculate the remainder when 233461549 is divided by 15.
4
What is the remainder when 215309 is divided by 107633?
43
What is the remainder when 181320320 is divided by 12?
8
Calculate the remainder when 886876 is divided by 63340.
116
Calculate the remainder when 26776217 is divided by 2021.
2009
Calculate the remainder when 27214 is divided by 26822.
392
Calculate the remainder when 3244829 is divided by 980.
49
What is the remainder when 1206256330 is divided by 101?
99
Calculate the remainder when 1562793 is divided by 1562762.
31
Calculate the remainder when 622780 is divided by 257.
69
Calculate the remainder when 1494462 is divided by 13.
8
Calculate the remainder when 3022978 is divided by 604594.
8
What is the remainder when 1219881836 is divided by 6629?
6627
Calculate the remainder when 6534 is divided by 447.
276
What is the remainder when 79061115 is divided by 39530550?
15
What is the remainder when 45156 is divided by 4194?
3216
What is the remainder when 931928 is divided by 207?
14
What is the remainder when 17784828 is divided by 104?
100
Calculate the remainder when 31335297 is divided by 27463.
14
Calculate the remainder when 219261 is divided by 430.
391
What is the remainder when 111414 is divided by 857?
4
Calculate the remainder when 19823 is divided by 1410.
83
What is the remainder when 15677034 is divided by 333552?
90
Calculate the remainder when 2154224 is divided by 492.
248
What is the remainder when 3406911 is divided by 362?
129
What is the remainder when 3453467 is divided by 863363?
15
Calculate the remainder when 1340450 is divided by 389.
345
What is the remainder when 5241522 is divided by 1310378?
10
Calculate the remainder when 195942451 is divided by 834.
823
Calculate the remainder when 920415 is divided by 4741.
661
What is the remainder when 14721 is divided by 1512?
1113
Calculate the remainder when 864215 is divided by 96019.
44
Calculate the remainder when 798639 is divided by 99818.
95
What is the remainder when 2315136 is divided by 144623?
1168
Calculate the remainder when 582167 is divided by 9.
2
Calculate the remainder when 4120672 is divided by 14876.
20
Calculate the remainder when 376012 is divided by 29.
27
What is the remainder when 172320 is divided by 286?
148
Calculate the remainder when 147168730 is divided by 115.
10
What is the remainder when 2575847 is divided by 544?
7
What is the remainder when 426127 is divided by 425940?
187
Calculate the remainder when 3583 is divided by 2605.
978
Calculate the remainder when 16548935 is divided by 1081.
987
What is the remainder when 8728719 is divided by 730?
109
Calculate the remainder when 244103 is divided by 242999.
1104
Calculate the remainder when 859885 is divided by 13869.
7
Calculate the remainder when 5570506 is divided by 54.
28
Calculate the remainder when 2876416 is divided by 575205.
391
What is the remainder when 744364 is divided by 335?
329
What is the remainder when 178452124 is divided by 418?
400
What is the remainder when 1919757 is divided by 17295?
12
What is the remainder when 1195188 is divided by 4477?
4306
Calculate the remainder when 584027 is divided by 405.
17
What is the remainder when 555256 is divided by 13881?
16
What is the remainder when 467750 is divided by 35973?
101
Calculate the remainder when 42228 is divided by 21114.
0
What is the remainder when 590778 is divided by 53696?
122
Calculate the remainder when 9361227 is divided by 59.
51
What is the remainder when 292961 is divided by 97635?
56
Calculate the remainder when 1295032 is divided by 568.
560
What is the remainder when 450096 is divided by 182?
10
What is the remainder when 82253355 is divided by 14?
9
What is the remainder when 15962396 is divided by 530?
386
What is the remainder when 425800 is divided by 1227?
31
What is the remainder when 12259133 is divided by 29469?
29
Calculate the remainder when 420058 is divided by 761.
747
Calculate the remainder when 2408870 is divided by 267650.
20
Calculate the remainder when 948431988 is divided by 9746.
9744
Calculate the remainder when 977106 is divided by 195319.
511
Calculate the remainder when 2767459 is divided by 461.
76
Calculate the remainder when 8840400 is divided by 5.
0
What is the remainder when 77430 is divided by 3194?
774
Calculate the remainder when 3136128 is divided by 78403.
8
Calculate the remainder when 9692 is divided by 956.
132
Calculate the remainder when 9702 is divided by 4430.
842
What is the remainder when 65865449 is divided by 7816?
17
Calculate the remainder when 335072028 is divided by 1277.
1275
Calculate the remainder when 1139790 is divided by 14997.
18
Calculate the remainder when 361202393 is divided by 8853.
8846
What is the remainder when 636082 is divided by 212023?
13
What is the remainder when 55298705 is divided by 27649351?
3
Calculate the remainder when 7633 is divided by 4957.
2676
Calculate the remainder when 1905962939 is divided by 203.
202
What is the remainder when 1104496 is divided by 532?
64
What is the remainder when 9740527 is divided by 149?
99
What is the remainder when 362344 is divided by 36232?
24
Calculate the remainder when 1460594 is divided by 847.
366
Calculate the remainder when 38655608 is divided by 3213.
5
Calculate the remainder when 1607924052 is divided by 136.
132
Calculate the remainder when 405006 is divided by 21316.
2
Calculate the remainder when 2920745 is divided by 417215.
240
What is the remainder when 3694443 is divided by 335830?
313
Calculate the remainder when 152379 is divided by 7157.
2082
What is the remainder when 245283526 is divided by 23807?
5
What is the remainder when 109434 is divided by 13002?
5418
Calculate the remainder when 7356 is divided by 536.
388
Calculate the remainder when 119876890 is divided by 1308.
1306
What is the remainder when 2048580 is divided by 7507?
6676
Calculate the remainder when 1487709 is divided by 551.
9
Calculate the remainder when 5150881 is divided by 11.
10
What is the remainder when 47018 is divided by 7819?
104
What is the remainder when 96304 is divided by 19042?
1094
Calculate the remainder when 97092 is divided by 625.
217
What is the remainder when 340580 is divided by 17018?
220
What is the remainder when 161768 is divided by 8083?
108
What is the remainder when 2237685 is divided by 44?
21
What is the remainder when 49951 is divided by